{"id":128,"date":"2025-09-20T22:43:59","date_gmt":"2025-09-20T20:43:59","guid":{"rendered":"http:\/\/www.maisondesfamilles-limousin.fr\/?page_id=128"},"modified":"2025-09-21T16:59:19","modified_gmt":"2025-09-21T14:59:19","slug":"conseil-conjugal","status":"publish","type":"page","link":"https:\/\/www.maisondesfamilles-limousin.fr\/index.php\/conseil-conjugal\/","title":{"rendered":"Conseil conjugal"},"content":{"rendered":"\n<div class=\"wp-block-media-text is-stacked-on-mobile\"><figure class=\"wp-block-media-text__media\"><img loading=\"lazy\" decoding=\"async\" width=\"1024\" height=\"576\" src=\"https:\/\/www.maisondesfamilles-limousin.fr\/wp-content\/uploads\/2025\/09\/Conseil-conjugal-1024x576.jpg\" alt=\"\" class=\"wp-image-129 size-full\" srcset=\"https:\/\/www.maisondesfamilles-limousin.fr\/wp-content\/uploads\/2025\/09\/Conseil-conjugal-1024x576.jpg 1024w, https:\/\/www.maisondesfamilles-limousin.fr\/wp-content\/uploads\/2025\/09\/Conseil-conjugal-300x169.jpg 300w, https:\/\/www.maisondesfamilles-limousin.fr\/wp-content\/uploads\/2025\/09\/Conseil-conjugal-768x432.jpg 768w, https:\/\/www.maisondesfamilles-limousin.fr\/wp-content\/uploads\/2025\/09\/Conseil-conjugal-1536x864.jpg 1536w, https:\/\/www.maisondesfamilles-limousin.fr\/wp-content\/uploads\/2025\/09\/Conseil-conjugal-2048x1152.jpg 2048w, https:\/\/www.maisondesfamilles-limousin.fr\/wp-content\/uploads\/2025\/09\/Conseil-conjugal-1110x624.jpg 1110w, https:\/\/www.maisondesfamilles-limousin.fr\/wp-content\/uploads\/2025\/09\/Conseil-conjugal-528x297.jpg 528w\" sizes=\"auto, (max-width: 1024px) 100vw, 1024px\" \/><\/figure><div class=\"wp-block-media-text__content\">\n<p class=\"has-text-align-center\"><strong>Un accompagnement pour mieux vivre ses relations<\/strong><\/p>\n\n\n\n<p class=\"has-text-align-center\">La Maison des Familles propose un espace d\u2019\u00e9coute et de dialogue pour les couples et les personnes en qu\u00eate d\u2019harmonie dans leur vie affective, relationnelle ou familiale.<\/p>\n\n\n\n<p class=\"has-text-align-center\"><strong>Un espace d\u2019\u00e9coute et de dialogue pour avancer ensemble<\/strong><\/p>\n\n\n\n<p class=\"has-text-align-center\">Le conseil conjugal et familial s\u2019adresse \u00e0 tous ceux qui souhaitent am\u00e9liorer leur vie relationnelle, affective ou familiale. Que vous soyez en couple, en famille ou seul(e), vous pouvez b\u00e9n\u00e9ficier d\u2019un accompagnement professionnel, confidentiel et bienveillant.<\/p>\n<\/div><\/div>\n\n\n\n<p><strong>Pourquoi consulter\u202f?<\/strong><br>Vous traversez une p\u00e9riode de doute, de conflit ou de questionnement\u202f? Le conseil conjugal vous aide \u00e0\u202f:<\/p>\n\n\n\n<ul class=\"wp-block-list\">\n<li>Mettre des mots sur vos inqui\u00e9tudes et vos souffrances,<\/li>\n\n\n\n<li>Favoriser la communication et l\u2019\u00e9coute mutuelle,<\/li>\n\n\n\n<li>Comprendre les besoins de chacun,<\/li>\n\n\n\n<li>Prendre le temps de clarifier les situations et les questions essentielles.<\/li>\n<\/ul>\n\n\n\n<p><strong>Comment \u00e7a se passe\u202f?<\/strong><br>Lors d\u2019entretiens avec un professionnel form\u00e9, vous \u00eates accompagn\u00e9(e) dans un cadre confidentiel et bienveillant, pour avancer \u00e0 votre rythme vers des solutions adapt\u00e9es \u00e0 votre situation.<\/p>\n\n\n\n<p><strong>N\u2019attendez pas que la situation se d\u00e9grade\u202f: le conseil conjugal et familial est une d\u00e9marche volontaire pour retrouver du sens, du dialogue et du lien dans les relations.<\/strong><\/p>\n\n\n\n<p><\/p>\n","protected":false},"excerpt":{"rendered":"<p>Un accompagnement pour mieux vivre ses relations La Maison des Familles propose un espace d\u2019\u00e9coute et de dialogue pour les couples et les personnes en qu\u00eate d\u2019harmonie dans leur vie [&hellip;]<\/p>\n","protected":false},"author":1,"featured_media":0,"parent":0,"menu_order":0,"comment_status":"closed","ping_status":"closed","template":"","meta":{"_price":"","_stock":"","_tribe_ticket_header":"","_tribe_default_ticket_provider":"","_tribe_ticket_capacity":"0","_ticket_start_date":"","_ticket_end_date":"","_tribe_ticket_show_description":"","_tribe_ticket_show_not_going":false,"_tribe_ticket_use_global_stock":"","_tribe_ticket_global_stock_level":"","_global_stock_mode":"","_global_stock_cap":"","_tribe_rsvp_for_event":"","_tribe_ticket_going_count":"","_tribe_ticket_not_going_count":"","_tribe_tickets_list":"[]","_tribe_ticket_has_attendee_info_fields":false,"footnotes":""},"class_list":["post-128","page","type-page","status-publish","czr-hentry"],"_links":{"self":[{"href":"https:\/\/www.maisondesfamilles-limousin.fr\/index.php\/wp-json\/wp\/v2\/pages\/128","targetHints":{"allow":["GET"]}}],"collection":[{"href":"https:\/\/www.maisondesfamilles-limousin.fr\/index.php\/wp-json\/wp\/v2\/pages"}],"about":[{"href":"https:\/\/www.maisondesfamilles-limousin.fr\/index.php\/wp-json\/wp\/v2\/types\/page"}],"author":[{"embeddable":true,"href":"https:\/\/www.maisondesfamilles-limousin.fr\/index.php\/wp-json\/wp\/v2\/users\/1"}],"replies":[{"embeddable":true,"href":"https:\/\/www.maisondesfamilles-limousin.fr\/index.php\/wp-json\/wp\/v2\/comments?post=128"}],"version-history":[{"count":4,"href":"https:\/\/www.maisondesfamilles-limousin.fr\/index.php\/wp-json\/wp\/v2\/pages\/128\/revisions"}],"predecessor-version":[{"id":373,"href":"https:\/\/www.maisondesfamilles-limousin.fr\/index.php\/wp-json\/wp\/v2\/pages\/128\/revisions\/373"}],"wp:attachment":[{"href":"https:\/\/www.maisondesfamilles-limousin.fr\/index.php\/wp-json\/wp\/v2\/media?parent=128"}],"curies":[{"name":"wp","href":"https:\/\/api.w.org\/{rel}","templated":true}]}}