{"id":177,"date":"2025-09-21T17:08:41","date_gmt":"2025-09-21T15:08:41","guid":{"rendered":"http:\/\/www.maisondesfamilles-limousin.fr\/?page_id=177"},"modified":"2025-09-21T17:15:07","modified_gmt":"2025-09-21T15:15:07","slug":"ecoute-generaliste","status":"publish","type":"page","link":"https:\/\/www.maisondesfamilles-limousin.fr\/index.php\/ecoute-generaliste\/","title":{"rendered":"Ecoute g\u00e9n\u00e9raliste"},"content":{"rendered":"\n<div class=\"wp-block-media-text is-stacked-on-mobile\"><figure class=\"wp-block-media-text__media\"><img loading=\"lazy\" decoding=\"async\" width=\"1024\" height=\"683\" src=\"https:\/\/www.maisondesfamilles-limousin.fr\/wp-content\/uploads\/2025\/09\/Ecoute-generaliste-1024x683.jpg\" alt=\"\" class=\"wp-image-179 size-full\" srcset=\"https:\/\/www.maisondesfamilles-limousin.fr\/wp-content\/uploads\/2025\/09\/Ecoute-generaliste-1024x683.jpg 1024w, https:\/\/www.maisondesfamilles-limousin.fr\/wp-content\/uploads\/2025\/09\/Ecoute-generaliste-300x200.jpg 300w, https:\/\/www.maisondesfamilles-limousin.fr\/wp-content\/uploads\/2025\/09\/Ecoute-generaliste-768x512.jpg 768w, https:\/\/www.maisondesfamilles-limousin.fr\/wp-content\/uploads\/2025\/09\/Ecoute-generaliste-1536x1024.jpg 1536w\" sizes=\"auto, (max-width: 1024px) 100vw, 1024px\" \/><\/figure><div class=\"wp-block-media-text__content\">\n<p><strong>Un temps pour parler librement et \u00eatre entendu(e)<\/strong><\/p>\n\n\n\n<p class=\"has-text-align-center\">La Maison des Familles propose un espace d\u2019\u00e9coute gratuit et confidentiel, inspir\u00e9 de l\u2019approche des Accueils Louis &amp; Z\u00e9lie.<br>Toute personne, seule ou en famille, peut venir d\u00e9poser ce qu\u2019elle vit, sans crainte d\u2019\u00eatre jug\u00e9e.<\/p>\n<\/div><\/div>\n\n\n\n<p><strong>Pourquoi venir parler\u202f?<\/strong><br>Vous traversez une p\u00e9riode difficile, vous ressentez le besoin d\u2019\u00e9changer ou de prendre du recul\u202f?<br>L\u2019\u00e9coute g\u00e9n\u00e9raliste permet de\u202f:<\/p>\n\n\n\n<ul class=\"wp-block-list\">\n<li>\u00catre accueilli(e) avec bienveillance,<\/li>\n\n\n\n<li>Mettre des mots sur ce qui vous p\u00e8se,<\/li>\n\n\n\n<li>Se sentir soutenu(e) dans les moments de doute ou de fragilit\u00e9,<\/li>\n\n\n\n<li>\u00catre orient\u00e9(e), si besoin, vers une association ou un professionnel de confiance.<\/li>\n<\/ul>\n\n\n\n<p><strong>Comment \u00e7a se passe\u202f?<\/strong><br>Les entretiens sont assur\u00e9s par des b\u00e9n\u00e9voles form\u00e9s \u00e0 l\u2019\u00e9coute int\u00e9grale.<br>Ils vous re\u00e7oivent dans un cadre chaleureux, respectueux et confidentiel, pour un temps d\u2019\u00e9change libre et sans engagement.<\/p>\n\n\n\n<p><strong>Parler en confiance peut d\u00e9j\u00e0 soulager. L\u2019\u00e9coute est souvent le premier pas vers un mieux-\u00eatre.<\/strong><\/p>\n\n\n\n<p><\/p>\n","protected":false},"excerpt":{"rendered":"<p>Un temps pour parler librement et \u00eatre entendu(e) La Maison des Familles propose un espace d\u2019\u00e9coute gratuit et confidentiel, inspir\u00e9 de l\u2019approche des Accueils Louis &amp; Z\u00e9lie.Toute personne, seule ou [&hellip;]<\/p>\n","protected":false},"author":1,"featured_media":0,"parent":0,"menu_order":0,"comment_status":"closed","ping_status":"closed","template":"","meta":{"_price":"","_stock":"","_tribe_ticket_header":"","_tribe_default_ticket_provider":"","_tribe_ticket_capacity":"0","_ticket_start_date":"","_ticket_end_date":"","_tribe_ticket_show_description":"","_tribe_ticket_show_not_going":false,"_tribe_ticket_use_global_stock":"","_tribe_ticket_global_stock_level":"","_global_stock_mode":"","_global_stock_cap":"","_tribe_rsvp_for_event":"","_tribe_ticket_going_count":"","_tribe_ticket_not_going_count":"","_tribe_tickets_list":"[]","_tribe_ticket_has_attendee_info_fields":false,"footnotes":""},"class_list":["post-177","page","type-page","status-publish","czr-hentry"],"_links":{"self":[{"href":"https:\/\/www.maisondesfamilles-limousin.fr\/index.php\/wp-json\/wp\/v2\/pages\/177","targetHints":{"allow":["GET"]}}],"collection":[{"href":"https:\/\/www.maisondesfamilles-limousin.fr\/index.php\/wp-json\/wp\/v2\/pages"}],"about":[{"href":"https:\/\/www.maisondesfamilles-limousin.fr\/index.php\/wp-json\/wp\/v2\/types\/page"}],"author":[{"embeddable":true,"href":"https:\/\/www.maisondesfamilles-limousin.fr\/index.php\/wp-json\/wp\/v2\/users\/1"}],"replies":[{"embeddable":true,"href":"https:\/\/www.maisondesfamilles-limousin.fr\/index.php\/wp-json\/wp\/v2\/comments?post=177"}],"version-history":[{"count":2,"href":"https:\/\/www.maisondesfamilles-limousin.fr\/index.php\/wp-json\/wp\/v2\/pages\/177\/revisions"}],"predecessor-version":[{"id":180,"href":"https:\/\/www.maisondesfamilles-limousin.fr\/index.php\/wp-json\/wp\/v2\/pages\/177\/revisions\/180"}],"wp:attachment":[{"href":"https:\/\/www.maisondesfamilles-limousin.fr\/index.php\/wp-json\/wp\/v2\/media?parent=177"}],"curies":[{"name":"wp","href":"https:\/\/api.w.org\/{rel}","templated":true}]}}